 5*d + 521 - 61. Let l = s + -88. Calculate g(l).
11
Let c = -35 - -38. Let m(v) = -2 - 111*v**2 + 3*v + c*v + 110*v**2. Give m(5).
3
Suppose 10 = -2*f + 4*l, 3*l = -f + l + 7. Let t(q) be the third derivative of q**6/20 + q**5/30 - q**4/24 - 184*q**2 + 1. Determine t(f).
7
Suppose -5*i - 3*i = 80. Let d(q) = q + 5. Determine d(i).
-5
Let i(s) = 2*s - 4. Suppose -5 = -t + u, t = -t + 3*u + 11. Determine i(t).
4
Let u be 6293/1085 + (-2)/(-10). Let r(j) be the third derivative of 0 - j**2 + 0*j + 1/3*j**4 - 2/3*j**3 - 1/60*j**5. Determine r(u).
8
Let o(v) = v**3 - 16*v**2 + 16*v + 12. Let c be o(15). Let h = c - 21. Let u(x) be the first derivative of -x**2 + 6*x - 1. What is u(h)?
-6
Let w(y) = 29*y - 5*y - 28*y - 57. Calculate w(-15).
3
Let w(x) be the third derivative of -9*x**2 + 0 + 1/6*x**4 - x**3 + 0*x. Determine w(4).
10
Let s(k) = 17*k + 25. Let z(c) = -12*c - 17. Let g(i) = 5*s(i) + 7*z(i). Calculate g(6).
12
Let y = 187 + -189. Let l(m) = 7*m - 3. Calculate l(y).
-17
Let p(s) = s**3 + 3*s**2 - 6*s - 4. Let f be 0 + (-7 - 2) + 5. What is p(f)?
4
Let s(k) = -6*k - 21. Let m(l) = -6*l - 24. Let h(b) = 5*m(b) - 6*s(b). What is h(-3)?
-12
Let y(d) be the second derivative of d**5/20 - 2*d**4/3 + d**3/3 - 6*d**2 + d. Suppose 0 = -11*s + 14*s - 24. Determine y(s).
4
Let y(w) = 13*w**3. Let p be (-2)/(-3)*(-42)/(-4). Let i be 10 + (6/(-3) - 0). Let t = i - p. Calculate y(t).
13
Let g(m) = -2*m - 5. Let y = -517 - -515. Determine g(y).
-1
Let k = -84 + 86. Let w(c) = c**2 + 8*c + 2. Let a be w(-8). Let u(i) = -1 - i**k - 4 + 4 + a*i. What is u(1)?
0
Let n(b) be the first derivative of 3*b**4/4 - b**3/3 - b**2 - b + 685. Let y = -2 + 1. Give n(y).
-3
Suppose 9*u + 17 = -19. Let s(i) be the second derivative of i + 0 - 1/3*i**3 + 3/2*i**2. Determine s(u).
11
Let d(m) = 2*m**2 + m**2 + 3*m**3 + 2*m**2 + m - 2*m**2 + 1. Suppose -3*v + 39 = -0. Suppose 5*r - 3 = -v. What is d(r)?
-13
Let z(j) = j. Let v(u) be the third derivative of u**5/60 + u**4/8 + 16*u**2. Let y(h) = v(h) - 3*z(h). Give y(3).
9
Let p(f) = f**3 + 6*f**2 + 3*f - 6. Let i be 65*-1*(-4 + 3). Suppose -4*r - 3*b + 0*b = i, 0 = 3*r - 3*b + 54. Let y = -22 - r. Calculate p(y).
4
Let s(b) = b**3 - 2*b**2 - 2*b - 1. Let c(o) = -o**2 + 14*o - 15. Suppose -44 = -4*n - v + 10, -n = -3*v - 7. Let t be c(n). What is s(t)?
-13
Let b(j) = -j**2 + 4*j. Suppose 21 = -2*h - 5*h. Let y be (-1)/3*h + 1. Calculate b(y).
4
Let r(s) = 4*s**3 - 1095*s - 5 - 3*s**3 + 8*s**2 + 1093*s. Give r(-8).
11
Let b(p) = 8*p**2 + 5 - 4 + 17*p**2 - 18*p - p**3 - 14*p**2. What is b(9)?
1
Let k(f) = 5*f**2 + 2*f - 4. Let a(z) = 1. Let s(m) = -5*a(m) - k(m). Determine s(-2).
-17
Let h(t) be the first derivative of -t**5/60 - t**4/24 + 6*t**3 + 22. Let b(x) be the third derivative of h(x). Suppose 0 = -g - 0 - 6. Calculate b(g).
11
Let a be (488/36 - 14)/(2/(-9)). Let l(x) be the second derivative of 0*x**a + 0 - 7*x + 1/6*x**3. What is l(2)?
2
Let u = -29 + 50. Let v be 7/(u/6) - 2. Let m = v - 0. Let o(j) = -j + 8. Give o(m).
8
Let w(a) = a + 1. Let y(i) = 3*i - 1. Let z(j) = -2*w(j) + y(j). Let k be z(8). Let l(t) = 2*t - 2. Calculate l(k).
8
Let r(h) = 2*h**3 + 7*h**2 + 5*h - 9. Let x(n) = -5*n**3 - 21*n**2 - 14*n + 27. Let c(q) = -8*r(q) - 3*x(q). Suppose -k + 2 = 3. Let t = k - -8. What is c(t)?
5
Let q(o) = -11*o**3 + 3*o**2 + 102. Let g(n) = -2*n**3 - n**2 + 22. Let k(p) = -5*g(p) + q(p). Let a = 2 - -6. Give k(a).
-8
Let i be ((-1)/(2*-1))/(36/72). Let j(c) = -3*c - 2. What is j(i)?
-5
Let t be 30*((-78)/(-10))/13. Let q(u) = u - 21. Calculate q(t).
-3
Suppose 3*o + 6 = 2*d, 163*d + 30 = 165*d + 3*o. Let u(g) = 3*g - 1. Determine u(d).
26
Let j be ((-4)/2 + 0)*-1. Let f(o) = -j - 1 + 3*o - 4*o**2 - 7*o. Let d(m) = m - 10. Let c be d(8). Give f(c).
-11
Let c(m) = -4*m + 9. Let f(y) = y - 3. Let i(q) = -2*c(q) - 7*f(q). Let x = 148 + -154. Give i(x).
-3
Let y(j) be the third derivative of -j**8/20160 - j**7/1008 - j**6/720 - 13*j**5/30 - 23*j**2. Let g(c) be the third derivative of y(c). Calculate g(-7).
-15
Let m(b) be the third derivative of -b**5/60 - 34*b**2 + 2. What is m(5)?
-25
Suppose -2*k - 2*y - 4 = -24, -k - 4*y + 13 = 0. Let g(a) = -4*a + 1. Calculate g(k).
-35
Let x(m) = -m**2 - m - 1. Let o(f) = 4*f**2 - 2*f - 16. Let s(b) = o(b) + 3*x(b). What is s(8)?
5
Let t(r) = -18*r**2 + 2*r - 1. Let d = -611 - -612. Calculate t(d).
-17
Let h = -4 - -3. Let i be (-1)/2*(h - -1). Let b(s) = 29*s + 58. Let g(c) = -11*c - 20. Let q(x) = -3*b(x) - 8*g(x). What is q(i)?
-14
Let k(y) = -367*y + 10 - 360*y + 729*y. What is k(0)?
10
Suppose -5*u - 12 = -8*u. Let k(w) = -u*w**3 - w - 6*w**2 + 6*w**2 + 3*w**3 + 2. What is k(-2)?
12
Let y(t) = 9*t + 12. Let j(i) = 2*i + 2. Let c(b) = -5*j(b) + y(b). Give c(0).
2
Let o(m) = -m + 42. Let n be o(45). Let p(h) = 2 + 4*h - 7*h**2 + 1 + 8*h**2. Calculate p(n).
0
Let u = 27 - 19. Suppose -u*d - 226 = 78. Let m = -33 - d. Let c(t) = t + 2. What is c(m)?
7
Let f = 693 - 695. Let v(q) = q + 4. What is v(f)?
2
Let d(z) = 15*z + 3. Let v(n) = -7*n - 2. Let p(a) = -6*d(a) - 13*v(a). Let c be (5 - (8 + -3 + 0))/(-2 + 0). Calculate p(c).
8
Let i(a) = 2*a**3 + 6*a**2 - 10*a - 2. Let m be i(-4). Let b be 0/m + 6 + -1. Let g(y) = y. Give g(b).
5
Let f be (-19 - 1)/4 + 60. Let w(q) = 21 - f + q + 16 + 20. Give w(0).
2
Let t(b) = b**2 + 8*b + 24. Let x(l) = -l**2 - 8*l - 18. Let g(a) = -2*t(a) - 3*x(a). Let i = 15 - 20. What is g(i)?
-9
Suppose 3*s - 3 = -o + 11, -3*o = -6. Let f(y) be the second derivative of 2*y + 1/12*y**s - y**3 + 2*y**2 + 0. Determine f(4).
-4
Let m(q) be the third derivative of -10*q**2 + 0*q - 1/24*q**4 + 0 - 7/6*q**3. Let a be (-3)/(18/(-4))*-9. What is m(a)?
-1
Let u be (1 + 1)*5/(-2). Let n(f) be the second derivative of -f**5/20 - 5*f**4/12 + f**3/3 + 3*f**2/2 + 29*f + 1. Calculate n(u).
-7
Suppose 7 = -m + 3*a, 2*a = -4*m + 3*a + 5. Let k(o) = -6*o - 5*o**2 + 2*o + o**2 - 1 + 6*o**m + o**3. Calculate k(-3).
2
Let m(b) = -4*b**3 - 2*b**2 - 5*b. Let h(q) be the first derivative of -5*q**4/4 - 2*q**3/3 - 2*q**2 - 14. Let c(i) = -6*h(i) + 5*m(i). Give c(1).
11
Let n(k) be the third derivative of k**6/120 + k**5/10 + 5*k**4/24 - k**3/6 + 233*k**2. Determine n(-5).
-1
Let u(v) = -v**2 + 3*v - 5. Let n(l) be the second derivative of 0 + 1/12*l**4 + 3*l**2 + 8*l - 1/3*l**3. Let r(c) = -4*n(c) - 5*u(c). Determine r(7).
1
Let a(p) = -p**2 + 2*p - 2. Let j = -21 - -27. Let x(i) = 2*i**2 + 15 - i - j*i + 2*i**2 - 8. Let n(d) = 9*a(d) + 2*x(d). Calculate n(3).
-1
Let q(b) = 5*b**3 + 3*b**2 - 5*b + 52. Let x(g) = -14*g**3 - 8*g**2 + 14*g - 154. Let f(l) = -11*q(l) - 4*x(l). What is f(0)?
44
Let t(y) = 20*y - 46. Let p be t(20). Let k(a) = 5*a**2 - a**3 + 1 + 3 - 355*a + p*a. Calculate k(5).
-1
Let r(x) = 21*x**3. Suppose 5*w = 2*o - 17, o - 5*w = 3 + 13. Give r(o).
21
Let a(x) be the second derivative of -1/12*x**4 + 0 - 16*x + 1/2*x**2 + 17/20*x**5 + 1/6*x**3. Determine a(-1).
-18
Suppose 5*m + 3*b - 9 = 2*b, b = -m + 1. Let s(p) = -p**3 + 3*p**2 - p - 2. Let j be s(m). Suppose -2*l + 8 = -j. Let v(d) = d - 4. What is v(l)?
0
Suppose 0 = -f + 4*t - 16, 4*f = -5*t - 64. Let k = f + 18. Suppose 2*n - k = n. Let s(j) = -2*j**2 + 4*j - 3. Determine s(n).
-3
Let f(c) be the first derivative of -4*c + 1/3*c**3 + 12 - 7/2*c**2. Determine f(7).
-4
Suppose 4*t = 3*o + 124, t - 4*t = -3*o - 93. Suppose 5*h + c + t = 0, -4*h + 2*c + 26 = -8*h. Let g(y) = -2*y + 2. Calculate g(h).
14
Let o(q) = q**2 + 5*q - 3. Let k(d) = -3*d + 17. Let b be k(-15). Suppose -2*a = -0*a - b. Let c be 4/20 - a/5. What is o(c)?
3
Let n(h) = -h - 22 + 3*h + 84 - 41 - h**2 + 2*h. What is n(6)?
9
Let d(b) = b**3 - 9*b**2 - b + 13. Suppose -5*j - 2*t + 51 = 0, -4*j = -t - 2*t - 27. Let k be d(j). Let u = k + -3. Let h(z) = 6*z - 1. Calculate h(u).
5
Let t(r) = 8*r + 3*r - 7 + 0 - 6*r. Let q(c) = -14*c + 21. Let x(f) = -6*q(f) - 17*t(f). Calculate x(-7).
0
Let c = 5 + -15. Let n be (8/10)/(4/c). Let o(w) be the third derivative of -w**6/120 - w**5/20 - w**4/12 + w**3/3 - w**2. Give o(n).
2
Suppose -21 - 4 = -5*a. Let u(i) = 4*i + 3. Let g(y) = -7*y - 5. Let w(h) = a*u(h) + 3*g(h). Give w(0).
0
Let p = 14 - 5. Let z(c) = 7*c**2 - 10*c. Let u(t) = t**2. Let v(x) = -6*u(x) + z(x). What is v(p)?
-9
Let q(z) be 